{"id":2236,"date":"2020-01-26T18:09:51","date_gmt":"2020-01-26T20:09:51","guid":{"rendered":"http:\/\/localhost\/seravalli\/wordpress\/?page_id=2236"},"modified":"2020-07-29T09:50:37","modified_gmt":"2020-07-29T12:50:37","slug":"contato","status":"publish","type":"page","link":"https:\/\/agenciasmartred.com.br\/seravalli\/contato\/","title":{"rendered":"Contato"},"content":{"rendered":"\t\t<div data-elementor-type=\"wp-page\" data-elementor-id=\"2236\" class=\"elementor elementor-2236\">\n\t\t\t\t\t\t<section class=\"elementor-section elementor-top-section elementor-element elementor-element-c213dd7 elementor-section-boxed elementor-section-height-default elementor-section-height-default sc_fly_static\" data-id=\"c213dd7\" data-element_type=\"section\">\n\t\t\t\t\t\t<div class=\"elementor-container elementor-column-gap-extended\">\n\t\t\t\t\t<div class=\"elementor-column elementor-col-100 elementor-top-column elementor-element elementor-element-f4e7a38 sc_content_align_inherit sc_fly_static\" data-id=\"f4e7a38\" data-element_type=\"column\">\n\t\t\t<div class=\"elementor-widget-wrap elementor-element-populated\">\n\t\t\t\t\t\t<div class=\"elementor-element elementor-element-f857e99 sc_fly_static elementor-widget elementor-widget-heading\" data-id=\"f857e99\" data-element_type=\"widget\" data-widget_type=\"heading.default\">\n\t\t\t\t<div class=\"elementor-widget-container\">\n\t\t\t\t\t<h1 class=\"elementor-heading-title elementor-size-default\">Fale conosco<\/h1>\t\t\t\t<\/div>\n\t\t\t\t<\/div>\n\t\t\t\t\t<\/div>\n\t\t<\/div>\n\t\t\t\t\t<\/div>\n\t\t<\/section>\n\t\t\t\t<section class=\"elementor-section elementor-top-section elementor-element elementor-element-9a216fc elementor-section-boxed elementor-section-height-default elementor-section-height-default sc_fly_static\" data-id=\"9a216fc\" data-element_type=\"section\">\n\t\t\t\t\t\t<div class=\"elementor-container elementor-column-gap-extended\">\n\t\t\t\t\t<div class=\"elementor-column elementor-col-100 elementor-top-column elementor-element elementor-element-0d1ce90 sc_content_align_inherit sc_fly_static\" data-id=\"0d1ce90\" data-element_type=\"column\">\n\t\t\t<div class=\"elementor-widget-wrap elementor-element-populated\">\n\t\t\t\t\t\t<div class=\"elementor-element elementor-element-6bea275 sc_fly_static elementor-widget elementor-widget-heading\" data-id=\"6bea275\" data-element_type=\"widget\" data-widget_type=\"heading.default\">\n\t\t\t\t<div class=\"elementor-widget-container\">\n\t\t\t\t\t<h4 class=\"elementor-heading-title elementor-size-default\">Gostaria de saber mais sobre a Seravalli e nos ter em seu pr\u00f3ximo evento? Entre em contato ou deixe sua mensagem abaixo!<\/h4>\t\t\t\t<\/div>\n\t\t\t\t<\/div>\n\t\t\t\t\t<\/div>\n\t\t<\/div>\n\t\t\t\t\t<\/div>\n\t\t<\/section>\n\t\t\t\t<section class=\"elementor-section elementor-top-section elementor-element elementor-element-fbfec10 elementor-section-boxed elementor-section-height-default elementor-section-height-default sc_fly_static\" data-id=\"fbfec10\" data-element_type=\"section\">\n\t\t\t\t\t\t<div class=\"elementor-container elementor-column-gap-extended\">\n\t\t\t\t\t<div class=\"elementor-column elementor-col-50 elementor-top-column elementor-element elementor-element-4dffad0 sc_content_align_inherit sc_fly_static\" data-id=\"4dffad0\" data-element_type=\"column\">\n\t\t\t<div class=\"elementor-widget-wrap elementor-element-populated\">\n\t\t\t\t\t\t<div class=\"elementor-element elementor-element-9797eed sc_fly_static elementor-widget elementor-widget-image\" data-id=\"9797eed\" data-element_type=\"widget\" data-widget_type=\"image.default\">\n\t\t\t\t<div class=\"elementor-widget-container\">\n\t\t\t\t\t\t\t\t\t\t\t\t\t\t\t<img fetchpriority=\"high\" decoding=\"async\" width=\"1024\" height=\"682\" src=\"https:\/\/agenciasmartred.com.br\/seravalli\/wp-content\/uploads\/2020\/05\/WhatsApp-Image-2020-05-14-at-23.57.58-1024x682.jpeg\" class=\"attachment-large size-large wp-image-2384\" alt=\"\" srcset=\"https:\/\/agenciasmartred.com.br\/seravalli\/wp-content\/uploads\/2020\/05\/WhatsApp-Image-2020-05-14-at-23.57.58-1024x682.jpeg 1024w, https:\/\/agenciasmartred.com.br\/seravalli\/wp-content\/uploads\/2020\/05\/WhatsApp-Image-2020-05-14-at-23.57.58-300x200.jpeg 300w, https:\/\/agenciasmartred.com.br\/seravalli\/wp-content\/uploads\/2020\/05\/WhatsApp-Image-2020-05-14-at-23.57.58-768x512.jpeg 768w, https:\/\/agenciasmartred.com.br\/seravalli\/wp-content\/uploads\/2020\/05\/WhatsApp-Image-2020-05-14-at-23.57.58-450x300.jpeg 450w, https:\/\/agenciasmartred.com.br\/seravalli\/wp-content\/uploads\/2020\/05\/WhatsApp-Image-2020-05-14-at-23.57.58-370x247.jpeg 370w, https:\/\/agenciasmartred.com.br\/seravalli\/wp-content\/uploads\/2020\/05\/WhatsApp-Image-2020-05-14-at-23.57.58-760x506.jpeg 760w, https:\/\/agenciasmartred.com.br\/seravalli\/wp-content\/uploads\/2020\/05\/WhatsApp-Image-2020-05-14-at-23.57.58.jpeg 1280w\" sizes=\"(max-width: 1024px) 100vw, 1024px\" \/>\t\t\t\t\t\t\t\t\t\t\t\t\t\t\t<\/div>\n\t\t\t\t<\/div>\n\t\t\t\t\t<\/div>\n\t\t<\/div>\n\t\t\t\t<div class=\"elementor-column elementor-col-50 elementor-top-column elementor-element elementor-element-63a1dbe sc_content_align_inherit sc_fly_static\" data-id=\"63a1dbe\" data-element_type=\"column\">\n\t\t\t<div class=\"elementor-widget-wrap elementor-element-populated\">\n\t\t\t\t\t\t<div class=\"elementor-element elementor-element-1174bc3 ekit_wpForms_container-form-button-custom sc_fly_static elementor-widget elementor-widget-elementskit-wp-forms\" data-id=\"1174bc3\" data-element_type=\"widget\" data-widget_type=\"elementskit-wp-forms.default\">\n\t\t\t\t<div class=\"elementor-widget-container\">\n\t\t\t\t\t<div class=\"ekit-wid-con ekit_wpForms_container\"><div class=\"wpforms-container wpforms-container-full\" id=\"wpforms-2397\"><form id=\"wpforms-form-2397\" class=\"wpforms-validate wpforms-form\" data-formid=\"2397\" method=\"post\" enctype=\"multipart\/form-data\" action=\"\/seravalli\/wp-json\/wp\/v2\/pages\/2236\" data-token=\"88f2816a7e88ca6a03928b45915e2b7b\" data-token-time=\"1778082183\"><noscript class=\"wpforms-error-noscript\">Ative o JavaScript no seu navegador para preencher este formul\u00e1rio.<\/noscript><div class=\"wpforms-field-container\"><div id=\"wpforms-2397-field_0-container\" class=\"wpforms-field wpforms-field-name wpforms-one-half wpforms-first\" data-field-id=\"0\"><input type=\"text\" id=\"wpforms-2397-field_0\" class=\"wpforms-field-medium wpforms-field-required\" name=\"wpforms[fields][0]\" placeholder=\"Seu nome\" required><\/div><div id=\"wpforms-2397-field_1-container\" class=\"wpforms-field wpforms-field-email wpforms-one-half\" data-field-id=\"1\"><input type=\"email\" id=\"wpforms-2397-field_1\" class=\"wpforms-field-medium wpforms-field-required\" name=\"wpforms[fields][1]\" placeholder=\"Seu email\" spellcheck=\"false\" required><\/div><div id=\"wpforms-2397-field_2-container\" class=\"wpforms-field wpforms-field-textarea\" data-field-id=\"2\"><label class=\"wpforms-field-label wpforms-label-hide\" for=\"wpforms-2397-field_2\">Coment\u00e1rio ou Mensagem <span class=\"wpforms-required-label\">*<\/span><\/label><textarea id=\"wpforms-2397-field_2\" class=\"wpforms-field-medium wpforms-field-required\" name=\"wpforms[fields][2]\" placeholder=\"Sua mensagem\" required><\/textarea><\/div><\/div><!-- .wpforms-field-container --><div class=\"wpforms-field wpforms-field-hp\"><label for=\"wpforms-2397-field-hp\" class=\"wpforms-field-label\">Email<\/label><input type=\"text\" name=\"wpforms[hp]\" id=\"wpforms-2397-field-hp\" class=\"wpforms-field-medium\"><\/div><div class=\"wpforms-submit-container\" ><input type=\"hidden\" name=\"wpforms[id]\" value=\"2397\"><input type=\"hidden\" name=\"page_title\" value=\"\"><input type=\"hidden\" name=\"page_url\" value=\"https:\/\/agenciasmartred.com.br\/seravalli\/wp-json\/wp\/v2\/pages\/2236\"><input type=\"hidden\" name=\"url_referer\" value=\"\"><button type=\"submit\" name=\"wpforms[submit]\" id=\"wpforms-submit-2397\" class=\"wpforms-submit\" data-alt-text=\"Enviando...\" data-submit-text=\"Enviar\" aria-live=\"assertive\" value=\"wpforms-submit\">Enviar<\/button><\/div><\/form><\/div>  <!-- .wpforms-container --><\/div>\t\t\t\t<\/div>\n\t\t\t\t<\/div>\n\t\t\t\t\t<\/div>\n\t\t<\/div>\n\t\t\t\t\t<\/div>\n\t\t<\/section>\n\t\t\t\t<section class=\"elementor-section elementor-top-section elementor-element elementor-element-54bd86d elementor-section-boxed elementor-section-height-default elementor-section-height-default sc_fly_static\" data-id=\"54bd86d\" data-element_type=\"section\">\n\t\t\t\t\t\t<div class=\"elementor-container elementor-column-gap-extended\">\n\t\t\t\t\t<div class=\"elementor-column elementor-col-100 elementor-top-column elementor-element elementor-element-cbc3b9c sc_content_align_inherit sc_fly_static\" data-id=\"cbc3b9c\" data-element_type=\"column\">\n\t\t\t<div class=\"elementor-widget-wrap\">\n\t\t\t\t\t\t\t<\/div>\n\t\t<\/div>\n\t\t\t\t\t<\/div>\n\t\t<\/section>\n\t\t\t\t<section class=\"elementor-section elementor-top-section elementor-element elementor-element-15cd65a elementor-section-boxed elementor-section-height-default elementor-section-height-default sc_fly_static\" data-id=\"15cd65a\" data-element_type=\"section\">\n\t\t\t\t\t\t<div class=\"elementor-container elementor-column-gap-extended\">\n\t\t\t\t\t<div class=\"elementor-column elementor-col-50 elementor-top-column elementor-element elementor-element-83c74ab sc_content_align_inherit sc_fly_static\" data-id=\"83c74ab\" data-element_type=\"column\">\n\t\t\t<div class=\"elementor-widget-wrap elementor-element-populated\">\n\t\t\t\t\t\t<div class=\"elementor-element elementor-element-ecd8bf4 sc_fly_static elementor-widget elementor-widget-heading\" data-id=\"ecd8bf4\" data-element_type=\"widget\" data-widget_type=\"heading.default\">\n\t\t\t\t<div class=\"elementor-widget-container\">\n\t\t\t\t\t<h3 class=\"elementor-heading-title elementor-size-default\">Informa\u00e7\u00f5es de contato<\/h3>\t\t\t\t<\/div>\n\t\t\t\t<\/div>\n\t\t\t\t<div class=\"elementor-element elementor-element-e9b488d sc_fly_static elementor-widget elementor-widget-spacer\" data-id=\"e9b488d\" data-element_type=\"widget\" data-widget_type=\"spacer.default\">\n\t\t\t\t<div class=\"elementor-widget-container\">\n\t\t\t\t\t\t\t<div class=\"elementor-spacer\">\n\t\t\t<div class=\"elementor-spacer-inner\"><\/div>\n\t\t<\/div>\n\t\t\t\t\t\t<\/div>\n\t\t\t\t<\/div>\n\t\t\t\t<div class=\"elementor-element elementor-element-bc96db5 sc_fly_static elementor-widget elementor-widget-heading\" data-id=\"bc96db5\" data-element_type=\"widget\" data-widget_type=\"heading.default\">\n\t\t\t\t<div class=\"elementor-widget-container\">\n\t\t\t\t\t<h5 class=\"elementor-heading-title elementor-size-default\">contato@seravallieventos.com\n\n<\/h5>\t\t\t\t<\/div>\n\t\t\t\t<\/div>\n\t\t\t\t<div class=\"elementor-element elementor-element-6191ee2 sc_fly_static elementor-widget elementor-widget-heading\" data-id=\"6191ee2\" data-element_type=\"widget\" data-widget_type=\"heading.default\">\n\t\t\t\t<div class=\"elementor-widget-container\">\n\t\t\t\t\t<h5 class=\"elementor-heading-title elementor-size-default\">Rua General Calado, 115 - Tatuap\u00e9\n03334-060 S\u00e3o Paulo\n<\/h5>\t\t\t\t<\/div>\n\t\t\t\t<\/div>\n\t\t\t\t<div class=\"elementor-element elementor-element-b5366c3 sc_fly_static elementor-widget elementor-widget-heading\" data-id=\"b5366c3\" data-element_type=\"widget\" data-widget_type=\"heading.default\">\n\t\t\t\t<div class=\"elementor-widget-container\">\n\t\t\t\t\t<h5 class=\"elementor-heading-title elementor-size-default\">(11) 9.9917-7214<\/h5>\t\t\t\t<\/div>\n\t\t\t\t<\/div>\n\t\t\t\t<div class=\"elementor-element elementor-element-faf625c sc_fly_static elementor-widget elementor-widget-spacer\" data-id=\"faf625c\" data-element_type=\"widget\" data-widget_type=\"spacer.default\">\n\t\t\t\t<div class=\"elementor-widget-container\">\n\t\t\t\t\t\t\t<div class=\"elementor-spacer\">\n\t\t\t<div class=\"elementor-spacer-inner\"><\/div>\n\t\t<\/div>\n\t\t\t\t\t\t<\/div>\n\t\t\t\t<\/div>\n\t\t\t\t<div class=\"elementor-element elementor-element-ad952a3 sc_fly_static elementor-widget elementor-widget-heading\" data-id=\"ad952a3\" data-element_type=\"widget\" data-widget_type=\"heading.default\">\n\t\t\t\t<div class=\"elementor-widget-container\">\n\t\t\t\t\t<h5 class=\"elementor-heading-title elementor-size-default\">Atendimento apenas com hora marcada<\/h5>\t\t\t\t<\/div>\n\t\t\t\t<\/div>\n\t\t\t\t\t<\/div>\n\t\t<\/div>\n\t\t\t\t<div class=\"elementor-column elementor-col-50 elementor-top-column elementor-element elementor-element-ca61170 sc_content_align_inherit sc_fly_static\" data-id=\"ca61170\" data-element_type=\"column\">\n\t\t\t<div class=\"elementor-widget-wrap elementor-element-populated\">\n\t\t\t\t\t\t<div class=\"elementor-element elementor-element-cca5870 sc_fly_static elementor-widget elementor-widget-google_maps\" data-id=\"cca5870\" data-element_type=\"widget\" data-widget_type=\"google_maps.default\">\n\t\t\t\t<div class=\"elementor-widget-container\">\n\t\t\t\t\t\t\t<div class=\"elementor-custom-embed\">\n\t\t\t<iframe loading=\"lazy\"\n\t\t\t\t\tsrc=\"https:\/\/maps.google.com\/maps?q=Rua%20General%20Calado%2C%20115%20-%20Tatuap%C3%A9%2003334-060%20S%C3%A3o%20Paulo&#038;t=m&#038;z=10&#038;output=embed&#038;iwloc=near\"\n\t\t\t\t\ttitle=\"Rua General Calado, 115 - Tatuap\u00e9 03334-060 S\u00e3o Paulo\"\n\t\t\t\t\taria-label=\"Rua General Calado, 115 - Tatuap\u00e9 03334-060 S\u00e3o Paulo\"\n\t\t\t><\/iframe>\n\t\t<\/div>\n\t\t\t\t\t\t<\/div>\n\t\t\t\t<\/div>\n\t\t\t\t\t<\/div>\n\t\t<\/div>\n\t\t\t\t\t<\/div>\n\t\t<\/section>\n\t\t\t\t<\/div>\n\t\t","protected":false},"excerpt":{"rendered":"<p>Fale conosco Gostaria de saber mais sobre a Seravalli e nos ter em seu pr\u00f3ximo evento? Entre em contato ou deixe sua mensagem abaixo! Ative o JavaScript no seu navegador para preencher este formul\u00e1rio.Coment\u00e1rio ou Mensagem *PhoneEnviar Informa\u00e7\u00f5es de contato contato@seravallieventos.com Rua General Calado, 115 &#8211; Tatuap\u00e9 03334-060 S\u00e3o Paulo (11) 9.9917-7214 Atendimento apenas com hora marcada<\/p>\n","protected":false},"author":1,"featured_media":0,"parent":0,"menu_order":0,"comment_status":"closed","ping_status":"closed","template":"","meta":{"footnotes":""},"class_list":["post-2236","page","type-page","status-publish","hentry"],"_links":{"self":[{"href":"https:\/\/agenciasmartred.com.br\/seravalli\/wp-json\/wp\/v2\/pages\/2236","targetHints":{"allow":["GET"]}}],"collection":[{"href":"https:\/\/agenciasmartred.com.br\/seravalli\/wp-json\/wp\/v2\/pages"}],"about":[{"href":"https:\/\/agenciasmartred.com.br\/seravalli\/wp-json\/wp\/v2\/types\/page"}],"author":[{"embeddable":true,"href":"https:\/\/agenciasmartred.com.br\/seravalli\/wp-json\/wp\/v2\/users\/1"}],"replies":[{"embeddable":true,"href":"https:\/\/agenciasmartred.com.br\/seravalli\/wp-json\/wp\/v2\/comments?post=2236"}],"version-history":[{"count":20,"href":"https:\/\/agenciasmartred.com.br\/seravalli\/wp-json\/wp\/v2\/pages\/2236\/revisions"}],"predecessor-version":[{"id":2562,"href":"https:\/\/agenciasmartred.com.br\/seravalli\/wp-json\/wp\/v2\/pages\/2236\/revisions\/2562"}],"wp:attachment":[{"href":"https:\/\/agenciasmartred.com.br\/seravalli\/wp-json\/wp\/v2\/media?parent=2236"}],"curies":[{"name":"wp","href":"https:\/\/api.w.org\/{rel}","templated":true}]}}